{"id":711,"date":"2023-03-02T18:32:17","date_gmt":"2023-03-02T18:32:17","guid":{"rendered":"https:\/\/akademiakaprys.pl\/?post_type=product&#038;p=711"},"modified":"2023-03-22T01:48:13","modified_gmt":"2023-03-22T01:48:13","slug":"cudna-wiosna","status":"publish","type":"product","link":"https:\/\/akademiakaprys.pl\/?product=cudna-wiosna","title":{"rendered":"Cudna wiosna"},"content":{"rendered":"","protected":false},"excerpt":{"rendered":"<p>&#8222;Cudna wiosna&#8221; &#8211; piosenka dla dzieci w wersji wokalnej i instrumentalnej. Zestaw zawiera pliki mp3 oraz plik tekstowy.<\/p>\n<p>Piosenk\u0119 mo\u017cna pos\u0142ucha\u0107 na  YouTube \ud83d\ude42<br \/>\nPliki s\u0105 udost\u0119pniane automatycznie w przypadku dokonania p\u0142atno\u015bci za pomoc\u0105 PayPal lub Przelewy24.<\/p>\n<p>Je\u015bli dokonano p\u0142atno\u015bci za pomoc\u0105 przelewu tradycyjnego, pliki zostan\u0105 udost\u0119pnione po zaksi\u0119gowaniu wp\u0142aty na konto.<\/p>\n<p>Po z\u0142o\u017ceniu zam\u00f3wienia prosimy o sprawdzenie SPAM, poniewa\u017c zdarza si\u0119, \u017ce link do pobrania plik\u00f3w do niego trafia.<\/p>\n","protected":false},"featured_media":715,"template":"","meta":[],"product_brand":[],"product_cat":[15],"product_tag":[34,35],"class_list":{"0":"post-711","1":"product","2":"type-product","3":"status-publish","4":"has-post-thumbnail","6":"product_cat-bez-kategorii","7":"product_tag-pierwszydzienwiosny","8":"product_tag-piosenkaowiosnie-piosenkidladzieci","10":"first","11":"instock","12":"downloadable","13":"shipping-taxable","14":"purchasable","15":"product-type-simple"},"yoast_head":"<!-- This site is optimized with the Yoast SEO plugin v26.9 - https:\/\/yoast.com\/product\/yoast-seo-wordpress\/ -->\n<title>Cudna wiosna -<\/title>\n<meta name=\"description\" content=\"&quot;Cudna wiosna&quot; - piosenka dla dzieci w wersji wokalnej i instrumentalnej. Zestaw zawiera pliki mp3 oraz plik tekstowy. @wiosna@pierwszydzienwiosny@piosenkidladzieci\" \/>\n<meta name=\"robots\" content=\"index, follow, max-snippet:-1, max-image-preview:large, max-video-preview:-1\" \/>\n<link rel=\"canonical\" href=\"https:\/\/akademiakaprys.pl\/?product=cudna-wiosna\" \/>\n<meta property=\"og:locale\" content=\"pl_PL\" \/>\n<meta property=\"og:type\" content=\"article\" \/>\n<meta property=\"og:title\" content=\"Cudna wiosna -\" \/>\n<meta property=\"og:description\" content=\"&quot;Cudna wiosna&quot; - piosenka dla dzieci w wersji wokalnej i instrumentalnej. Zestaw zawiera pliki mp3 oraz plik tekstowy. @wiosna@pierwszydzienwiosny@piosenkidladzieci\" \/>\n<meta property=\"og:url\" content=\"https:\/\/akademiakaprys.pl\/?product=cudna-wiosna\" \/>\n<meta property=\"article:modified_time\" content=\"2023-03-22T01:48:13+00:00\" \/>\n<meta property=\"og:image\" content=\"https:\/\/akademiakaprys.pl\/wp-content\/uploads\/2023\/03\/Cudna-wiosna-strona-tytulowa.jpg\" \/>\n\t<meta property=\"og:image:width\" content=\"1920\" \/>\n\t<meta property=\"og:image:height\" content=\"1080\" \/>\n\t<meta property=\"og:image:type\" content=\"image\/jpeg\" \/>\n<meta name=\"twitter:card\" content=\"summary_large_image\" \/>\n<script type=\"application\/ld+json\" class=\"yoast-schema-graph\">{\"@context\":\"https:\/\/schema.org\",\"@graph\":[{\"@type\":\"WebPage\",\"@id\":\"https:\/\/akademiakaprys.pl\/?product=cudna-wiosna\",\"url\":\"https:\/\/akademiakaprys.pl\/?product=cudna-wiosna\",\"name\":\"Cudna wiosna -\",\"isPartOf\":{\"@id\":\"https:\/\/akademiakaprys.pl\/#website\"},\"primaryImageOfPage\":{\"@id\":\"https:\/\/akademiakaprys.pl\/?product=cudna-wiosna#primaryimage\"},\"image\":{\"@id\":\"https:\/\/akademiakaprys.pl\/?product=cudna-wiosna#primaryimage\"},\"thumbnailUrl\":\"https:\/\/akademiakaprys.pl\/wp-content\/uploads\/2023\/03\/Cudna-wiosna-strona-tytulowa.jpg\",\"datePublished\":\"2023-03-02T18:32:17+00:00\",\"dateModified\":\"2023-03-22T01:48:13+00:00\",\"description\":\"\\\"Cudna wiosna\\\" - piosenka dla dzieci w wersji wokalnej i instrumentalnej. Zestaw zawiera pliki mp3 oraz plik tekstowy. @wiosna@pierwszydzienwiosny@piosenkidladzieci\",\"breadcrumb\":{\"@id\":\"https:\/\/akademiakaprys.pl\/?product=cudna-wiosna#breadcrumb\"},\"inLanguage\":\"pl-PL\",\"potentialAction\":[{\"@type\":\"ReadAction\",\"target\":[\"https:\/\/akademiakaprys.pl\/?product=cudna-wiosna\"]}]},{\"@type\":\"ImageObject\",\"inLanguage\":\"pl-PL\",\"@id\":\"https:\/\/akademiakaprys.pl\/?product=cudna-wiosna#primaryimage\",\"url\":\"https:\/\/akademiakaprys.pl\/wp-content\/uploads\/2023\/03\/Cudna-wiosna-strona-tytulowa.jpg\",\"contentUrl\":\"https:\/\/akademiakaprys.pl\/wp-content\/uploads\/2023\/03\/Cudna-wiosna-strona-tytulowa.jpg\",\"width\":1920,\"height\":1080},{\"@type\":\"BreadcrumbList\",\"@id\":\"https:\/\/akademiakaprys.pl\/?product=cudna-wiosna#breadcrumb\",\"itemListElement\":[{\"@type\":\"ListItem\",\"position\":1,\"name\":\"Strona g\u0142\u00f3wna\",\"item\":\"https:\/\/akademiakaprys.pl\/\"},{\"@type\":\"ListItem\",\"position\":2,\"name\":\"Sklep\",\"item\":\"https:\/\/akademiakaprys.pl\/?page_id=23\"},{\"@type\":\"ListItem\",\"position\":3,\"name\":\"Cudna wiosna\"}]},{\"@type\":\"WebSite\",\"@id\":\"https:\/\/akademiakaprys.pl\/#website\",\"url\":\"https:\/\/akademiakaprys.pl\/\",\"name\":\"\",\"description\":\"\",\"potentialAction\":[{\"@type\":\"SearchAction\",\"target\":{\"@type\":\"EntryPoint\",\"urlTemplate\":\"https:\/\/akademiakaprys.pl\/?s={search_term_string}\"},\"query-input\":{\"@type\":\"PropertyValueSpecification\",\"valueRequired\":true,\"valueName\":\"search_term_string\"}}],\"inLanguage\":\"pl-PL\"}]}<\/script>\n<!-- \/ Yoast SEO plugin. -->","yoast_head_json":{"title":"Cudna wiosna -","description":"\"Cudna wiosna\" - piosenka dla dzieci w wersji wokalnej i instrumentalnej. Zestaw zawiera pliki mp3 oraz plik tekstowy. @wiosna@pierwszydzienwiosny@piosenkidladzieci","robots":{"index":"index","follow":"follow","max-snippet":"max-snippet:-1","max-image-preview":"max-image-preview:large","max-video-preview":"max-video-preview:-1"},"canonical":"https:\/\/akademiakaprys.pl\/?product=cudna-wiosna","og_locale":"pl_PL","og_type":"article","og_title":"Cudna wiosna -","og_description":"\"Cudna wiosna\" - piosenka dla dzieci w wersji wokalnej i instrumentalnej. Zestaw zawiera pliki mp3 oraz plik tekstowy. @wiosna@pierwszydzienwiosny@piosenkidladzieci","og_url":"https:\/\/akademiakaprys.pl\/?product=cudna-wiosna","article_modified_time":"2023-03-22T01:48:13+00:00","og_image":[{"width":1920,"height":1080,"url":"https:\/\/akademiakaprys.pl\/wp-content\/uploads\/2023\/03\/Cudna-wiosna-strona-tytulowa.jpg","type":"image\/jpeg"}],"twitter_card":"summary_large_image","schema":{"@context":"https:\/\/schema.org","@graph":[{"@type":"WebPage","@id":"https:\/\/akademiakaprys.pl\/?product=cudna-wiosna","url":"https:\/\/akademiakaprys.pl\/?product=cudna-wiosna","name":"Cudna wiosna -","isPartOf":{"@id":"https:\/\/akademiakaprys.pl\/#website"},"primaryImageOfPage":{"@id":"https:\/\/akademiakaprys.pl\/?product=cudna-wiosna#primaryimage"},"image":{"@id":"https:\/\/akademiakaprys.pl\/?product=cudna-wiosna#primaryimage"},"thumbnailUrl":"https:\/\/akademiakaprys.pl\/wp-content\/uploads\/2023\/03\/Cudna-wiosna-strona-tytulowa.jpg","datePublished":"2023-03-02T18:32:17+00:00","dateModified":"2023-03-22T01:48:13+00:00","description":"\"Cudna wiosna\" - piosenka dla dzieci w wersji wokalnej i instrumentalnej. Zestaw zawiera pliki mp3 oraz plik tekstowy. @wiosna@pierwszydzienwiosny@piosenkidladzieci","breadcrumb":{"@id":"https:\/\/akademiakaprys.pl\/?product=cudna-wiosna#breadcrumb"},"inLanguage":"pl-PL","potentialAction":[{"@type":"ReadAction","target":["https:\/\/akademiakaprys.pl\/?product=cudna-wiosna"]}]},{"@type":"ImageObject","inLanguage":"pl-PL","@id":"https:\/\/akademiakaprys.pl\/?product=cudna-wiosna#primaryimage","url":"https:\/\/akademiakaprys.pl\/wp-content\/uploads\/2023\/03\/Cudna-wiosna-strona-tytulowa.jpg","contentUrl":"https:\/\/akademiakaprys.pl\/wp-content\/uploads\/2023\/03\/Cudna-wiosna-strona-tytulowa.jpg","width":1920,"height":1080},{"@type":"BreadcrumbList","@id":"https:\/\/akademiakaprys.pl\/?product=cudna-wiosna#breadcrumb","itemListElement":[{"@type":"ListItem","position":1,"name":"Strona g\u0142\u00f3wna","item":"https:\/\/akademiakaprys.pl\/"},{"@type":"ListItem","position":2,"name":"Sklep","item":"https:\/\/akademiakaprys.pl\/?page_id=23"},{"@type":"ListItem","position":3,"name":"Cudna wiosna"}]},{"@type":"WebSite","@id":"https:\/\/akademiakaprys.pl\/#website","url":"https:\/\/akademiakaprys.pl\/","name":"","description":"","potentialAction":[{"@type":"SearchAction","target":{"@type":"EntryPoint","urlTemplate":"https:\/\/akademiakaprys.pl\/?s={search_term_string}"},"query-input":{"@type":"PropertyValueSpecification","valueRequired":true,"valueName":"search_term_string"}}],"inLanguage":"pl-PL"}]}},"jetpack_sharing_enabled":true,"_links":{"self":[{"href":"https:\/\/akademiakaprys.pl\/index.php?rest_route=\/wp\/v2\/product\/711","targetHints":{"allow":["GET"]}}],"collection":[{"href":"https:\/\/akademiakaprys.pl\/index.php?rest_route=\/wp\/v2\/product"}],"about":[{"href":"https:\/\/akademiakaprys.pl\/index.php?rest_route=\/wp\/v2\/types\/product"}],"wp:featuredmedia":[{"embeddable":true,"href":"https:\/\/akademiakaprys.pl\/index.php?rest_route=\/wp\/v2\/media\/715"}],"wp:attachment":[{"href":"https:\/\/akademiakaprys.pl\/index.php?rest_route=%2Fwp%2Fv2%2Fmedia&parent=711"}],"wp:term":[{"taxonomy":"product_brand","embeddable":true,"href":"https:\/\/akademiakaprys.pl\/index.php?rest_route=%2Fwp%2Fv2%2Fproduct_brand&post=711"},{"taxonomy":"product_cat","embeddable":true,"href":"https:\/\/akademiakaprys.pl\/index.php?rest_route=%2Fwp%2Fv2%2Fproduct_cat&post=711"},{"taxonomy":"product_tag","embeddable":true,"href":"https:\/\/akademiakaprys.pl\/index.php?rest_route=%2Fwp%2Fv2%2Fproduct_tag&post=711"}],"curies":[{"name":"wp","href":"https:\/\/api.w.org\/{rel}","templated":true}]}}